and 6244.
14
What is the greatest common factor of 3609326 and 2163?
721
What is the greatest common factor of 3921408 and 24?
24
Calculate the highest common factor of 6735 and 15.
15
What is the greatest common factor of 3518 and 4?
2
Calculate the greatest common divisor of 23 and 12029.
23
What is the greatest common factor of 1152 and 554784?
96
Calculate the highest common factor of 22 and 8554832.
22
Calculate the greatest common divisor of 175 and 82050.
25
What is the highest common factor of 1501 and 359608?
79
What is the highest common divisor of 268544 and 2048?
256
Calculate the highest common factor of 173622 and 1140.
114
Calculate the greatest common factor of 192138 and 186.
186
What is the greatest common divisor of 178288 and 308?
44
What is the greatest common factor of 427820 and 20?
20
What is the highest common divisor of 71173 and 2678?
103
What is the highest common factor of 649 and 2629?
11
What is the greatest common factor of 1152 and 46944?
288
What is the greatest common factor of 17048 and 768?
8
Calculate the highest common factor of 124248 and 3288.
24
What is the greatest common divisor of 429 and 316536?
33
Calculate the greatest common divisor of 56088 and 10944.
1368
Calculate the highest common factor of 14880 and 1674.
186
What is the greatest common factor of 402 and 483070?
134
What is the highest common divisor of 14110 and 1530?
170
What is the greatest common factor of 2680 and 15142?
134
What is the highest common factor of 18 and 580707?
9
Calculate the highest common divisor of 411 and 984345.
411
What is the greatest common factor of 2088 and 35931?
87
What is the highest common divisor of 31 and 2222886?
31
Calculate the highest common factor of 1133 and 2002.
11
Calculate the highest common factor of 4987221 and 498.
249
Calculate the highest common divisor of 277400 and 1425.
475
What is the highest common factor of 505278 and 486?
162
What is the highest common divisor of 5922 and 288?
18
Calculate the greatest common divisor of 3128272 and 48.
16
Calculate the greatest common divisor of 391605 and 120.
15
What is the highest common divisor of 909193 and 127?
127
Calculate the highest common divisor of 10179 and 24687.
117
What is the greatest common divisor of 39188 and 2716?
388
What is the greatest common factor of 248 and 108456?
8
Calculate the greatest common divisor of 1233522 and 216.
54
What is the greatest common factor of 240 and 55280?
80
Calculate the highest common divisor of 5776 and 56.
8
What is the greatest common divisor of 1410 and 188470?
470
Calculate the highest common factor of 1300 and 2444.
52
Calculate the highest common divisor of 600 and 201175.
25
What is the greatest common factor of 71960 and 220?
20
Calculate the greatest common divisor of 4906 and 506.
22
Calculate the highest common factor of 2814 and 7638.
402
Calculate the greatest common divisor of 4004 and 1898.
26
What is the greatest common factor of 2338152 and 60?
12
What is the highest common factor of 70 and 441770?
70
Calculate the greatest common factor of 486 and 9000.
18
Calculate the highest common factor of 582 and 1986.
6
What is the highest common divisor of 2213517 and 579?
579
Calculate the greatest common divisor of 1188 and 135.
27
What is the highest common divisor of 11 and 25003?
11
Calculate the highest common factor of 69334 and 44.
2
What is the highest common factor of 3446564 and 968?
484
Calculate the highest common factor of 77 and 2194423.
77
Calculate the greatest common divisor of 1260226 and 154.
22
What is the greatest common divisor of 621702 and 27?
27
What is the greatest common divisor of 8651 and 1688?
211
Calculate the greatest common divisor of 18 and 1514.
2
Calculate the highest common divisor of 146896 and 32.
16
What is the greatest common divisor of 2046911 and 218?
109
What is the greatest common divisor of 156040 and 1222?
94
Calculate the greatest common factor of 930 and 2002290.
930
Calculate the highest common factor of 3 and 67397.
1
What is the greatest common divisor of 216 and 417896?
8
What is the highest common factor of 147210 and 1680?
210
Calculate the greatest common factor of 1428349 and 52.
13
Calculate the greatest common divisor of 1350 and 5450.
50
What is the highest common divisor of 13 and 2509?
13
Calculate the greatest common divisor of 1999708 and 4.
4
What is the highest common factor of 426 and 618978?
426
Calculate the highest common factor of 84 and 3930.
6
What is the highest common factor of 416 and 16250?
26
Calculate the highest common factor of 1488757 and 1555.
311
Calculate the greatest common divisor of 6560 and 77408.
1312
Calculate the highest common divisor of 308 and 144914.
154
What is the greatest common factor of 982 and 16?
2
Calculate the highest common factor of 12160 and 95.
95
Calculate the greatest common divisor of 848 and 38107.
53
Calculate the highest common divisor of 65 and 20665.
5
What is the greatest common factor of 2023 and 731?
17
What is the highest common divisor of 31239 and 65?
13
What is the highest common factor of 84 and 893886?
42
What is the highest common factor of 137144 and 31?
31
Calculate the highest common divisor of 75792 and 12288.
48
Calculate the highest common factor of 2220162 and 42.
42
What is the greatest common factor of 1068 and 3916?
356
What is the greatest common divisor of 7107 and 3296?
103
Calculate the greatest common factor of 489955 and 203.
29
Calculate the greatest common divisor of 99640 and 40.
40
Calculate the highest common divisor of 13209 and 2499.
357
What is the greatest common factor of 876352 and 192?
64
Calculate the greatest common factor of 276 and 41.
1
Calculate the greatest common factor of 5428 and 644.
92
Calculate the greatest common factor of 3108 and 61716.
444
What is the highest common divisor of 205 and 99835?
205
What is the highest common factor of 73695 and 51?
51
Calculate the greatest common factor of 6125 and 833.
49
Calculate the highest common divisor of 24459 and 3069.
93
Calculate the highest common factor of 10771285 and 602.
301
Calculate the greatest common divisor of 2872 and 4036.
4
Calculate the greatest common factor of 57294 and 54.
54
What is the highest common divisor of 30 and 859620?
30
What is the highest common divisor of 1498 and 28?
14
What is the greatest common divisor of 31877 and 2159?
127
What is the greatest common divisor of 367196 and 10?
2
Calculate the highest common divisor of 612 and 2507976.
612
What is the greatest common factor of 12 and 37464?
12
Calculate the greatest common factor of 546 and 6448.
26
What is the greatest common factor of 30 and 400455?
15
What is the greatest common divisor of 8 and 30944?
8
What is the highest common factor of 16 and 4792?
8
Calculate the highest common factor of 6 and 4956180.
6
What is the greatest common divisor of 920 and 151120?
40
What is the greatest common divisor of 1293 and 145247?
431
Calculate the highest common divisor of 35442 and 15444.
198
What is the greatest common factor of 190 and 23028?
38
What is the greatest common factor of 3336 and 617438?
278
Calculate the greatest common divisor of 7 and 497511.
7
Calculate the highest common divisor of 3591 and 27594.
189
Calculate the greatest common divisor of 407 and 5819.
11
Calculate the highest common factor of 3 and 5269.
1
Calculate the highest common factor of 6400 and 23360.
320
Calculate the highest common factor of 83370 and 420.
210
Calculate the highest common divisor of 494 and 11466.
26
What is the highest common divisor of 138 and 256197?
69
Calculate the greatest common divisor of 5390 and 1120.
70
Calculate the greatest common divisor of 576 and 3060.
36
What is the highest common factor of 1261312 and 416?
416
What is the highest common factor of 5488 and 8708?
28
Calculate the highest common factor of 109375 and 1875.
625
Calculate the greatest common factor of 294 and 283759.
49
What is the greatest common divisor of 54 and 67086?
18
What is the greatest common factor of 1067985 and 27?
27
What is the highest common divisor of 910 and 501865?
455
What is the highest common divisor of 4031 and 203?
29
Calculate the highest common factor of 40 and 17635.
5
What is the high